Let u be ((-10)/2 + 0)/1. Let s be (-2)/4 + (-57)/6. Let w = u - s. List the prime factors of w.
5
Let o(h) be the second derivative of 9*h**5/5 - h**4/12 - h. What are the prime factors of o(1)?
5, 7
Suppose 5*n - 25 = -3*b, 4*b + 0*b - 5 = -n. Suppose -n*t + 173 = 3*v, 0 = -5*v - 11 - 9. List the prime factors of t.
37
Suppose -115 = -42*r + 37*r. List the prime factors of r.
23
Let t be ((-6)/(-4))/(6/(-8)). Let w(k) = 15*k**2 + 19*k + 13. Let m(l) = 5*l**2 + 6*l + 4. Let u(c) = 7*m(c) - 2*w(c). What are the prime factors of u(t)?
2, 7
Suppose -4*n = -3*c - 3 + 10, -2*n + 4 = 0. Let i = 0 + c. List the prime factors of i.
5
List the prime factors of (6/5)/((-15)/(-550)).
2, 11
Let k(d) = -d**2 - 9*d - 9. List the prime factors of k(-7).
5
Suppose -2*r = -4 + 2. Let i(b) = 13*b**2 + b. List the prime factors of i(r).
2, 7
List the prime factors of (-68)/(-24) + 1/6.
3
Suppose -q + 33 = -9. What are the prime factors of q?
2, 3, 7
Let z be ((-12)/(-9))/((-8)/(-420)). Suppose 0*x - z = -5*x. What are the prime factors of x?
2, 7
Suppose k + 3*q = 150, -k + 102 = q - 38. List the prime factors of k.
3, 5
Let g be -1 + (7 - 3) + -3. Let x(v) = v + 7. What are the prime factors of x(g)?
7
Let k(p) = p**3 - 5*p**2 + 2*p + 4. Let j be k(5). Suppose -b + 4 = -j. List the prime factors of b.
2, 3
Let f(n) be the first derivative of -n**3/3 + 4*n + 1. Suppose 0 = 5*g - 9*g. List the prime factors of f(g).
2
Let x = 224 + -155. Let k = 117 - x. Suppose 4*t + 4*v = k, 0*v + 4*v - 12 = 0. List the prime factors of t.
3
Let i(p) = p**3 + p + 11. Suppose -5*r - 5 = -l + 10, 0 = -5*l + 2*r + 6. What are the prime factors of i(l)?
11
Let p = -42 + 74. What are the prime factors of p?
2
Let i be ((-3 + 2)*1)/1. Let q(a) = -10*a + 1. What are the prime factors of q(i)?
11
Let r = 4 - 1. Suppose -9 = -k - b, 12 = 5*k - b - r. Suppose -20 = -n - k*n. List the prime factors of n.
2
Let n be (0 - 3)*2/6. Let b be (0 - (1 - 1))*n. Suppose b*q - 4 = -q, 2*x - 16 = q. List the prime factors of x.
2, 5
Suppose 26 = -4*o + 3*o - 5*s, s + 5 = 0. What are the prime factors of 30/24*(-4)/o?
5
Let r(g) = g**3 - 7*g**2 + 10*g - 2. Let m be r(7). Suppose 5*i = -2*x + m, -65 = -5*i - 3*x - 2*x. What are the prime factors of i?
2, 7
Let w(l) = -41*l - 48. What are the prime factors of w(-8)?
2, 5, 7
Let d(k) = -k**3 - 10*k**2 + 9*k - 12. Let x be d(-12). Suppose x = -4*b + 8*b. List the prime factors of b.
2, 3, 7
Let g(h) = 3 + 0*h - h**3 - 10*h**2 + 0*h**3 - 10*h. List the prime factors of g(-9).
2, 3
Suppose 0*u = 4*u + 88. Let n = -13 - u. Suppose -2*y + 0*y + 4*h = 0, -h = -2*y + n. What are the prime factors of y?
2, 3
Let y(f) = 2*f**2 - 9*f - 9. Let o(c) = c**2 - 4*c - 4. Let p(h) = 7*o(h) - 3*y(h). Let w be (3 - 0) + (-2)/(-2). What are the prime factors of p(w)?
11
Suppose 5*u = 5*o + 140, 5*u + 55 = -5*o + 215. What are the prime factors of u?
2, 3, 5
Let s = -8 + 12. Suppose -2*x = 6*t - 3*t - 17, 5*t - 25 = -s*x. List the prime factors of t.
3
Let p(k) = 4*k**2 + 11*k + 4. What are the prime factors of p(-5)?
7
Let m(j) = -j**2 - j + 6. Let o be m(0). Let d = 5 + o. List the prime factors of d.
11
Let r be (1/(-1)*5)/1. Let f(g) = g**2 + 2*g - 6. Let i(u) = -2*u**2 - 5*u + 12. Let x(w) = 5*f(w) + 3*i(w). List the prime factors of x(r).
2, 3
Let z(i) = i**3 - 6*i**2 + 5*i + 2. Let u be z(5). Let j be 2*1/u - -10. Let w = 7 + j. What are the prime factors of w?
2, 3
Suppose 4*x + 3*r + 1 = 0, 0*r + 3 = -r. Suppose -2*v = f - 15, 2*v + x*v - 2*f - 50 = 0. Suppose 0*u + u - v = 0. What are the prime factors of u?
2, 5
Let y(b) = -b**3 - 5*b**2 - 3*b + 4. Let f be y(-4). Suppose -k + 5*k + 40 = f. What are the prime factors of ((-4)/k)/((-1)/(-25))?
2, 5
Let m(c) = -c**2 + 4*c - 2. Let b be m(8). Let a = 47 + b. What are the prime factors of a?
13
Let h = -47 - -85. Suppose 0 = -4*v - 2*u + h, 0 = -u - u - 10. What are the prime factors of v?
2, 3
What are the prime factors of 4/8*47*12?
2, 3, 47
Suppose -7*s + 2*s + 20 = 0. Let w = s + 6. Suppose -2*i + 0 + w = 0. What are the prime factors of i?
5
Let w(j) = 42*j + 19. What are the prime factors of w(5)?
229
Let j = 77 - 43. What are the prime factors of j?
2, 17
Let c(j) = j**2 - 7*j - 6. Let f be c(8). Let o(h) = -f*h + 4*h - 1 - 3*h. List the prime factors of o(-9).
2
Suppose p + 12 = 2*p. Suppose -p*o + 9*o = -81. What are the prime factors of o?
3
Suppose 6*z = 2*z - 5*l + 1856, -1856 = -4*z - 2*l. List the prime factors of z.
2, 29
Let d(i) = 12*i**3 - 2*i**2 + i. Let a be d(1). Let u = a - -7. List the prime factors of u.
2, 3
Let v be ((-4)/10)/(5/(-25)). Let f be (-1)/v + (-5)/(-2). Suppose -x - 2*l + 8 = x, -f*l = -3*x + 12. List the prime factors of x.
2
Let r(t) = t**3 + 5*t**2 - 6*t + 3. Let o be r(-6). Let u = 3 + o. List the prime factors of u.
2, 3
List the prime factors of 214 + (0 - 1)/(13 + -12).
3, 71
Let f(m) be the second derivative of m**5/20 + 7*m**4/12 - m**2/2 - m. Let b be f(-7). List the prime factors of b/(-2) + (-5)/(-2).
3
Let o(z) = -z**3 + 5*z**2 - 2*z + 1. Let r be o(4). Let b = r - -12. What are the prime factors of b?
3, 7
Let s(f) = f**3 + 3*f + 3. Let o be s(-2). Let h be (-26 - -2)*3/4. Let d = o - h. What are the prime factors of d?
7
Let f = 68 - 64. List the prime factors of f.
2
Let g(h) = 8*h**2 + h - 2. List the prime factors of g(2).
2
Let k(g) = g**2 - 4*g + 4. Let p be k(4). Suppose -4*a - p = -o, -4 = 4*a - o + 3*o. Let i(t) = -5*t**3 - 2*t - 1. What are the prime factors of i(a)?
2, 3
Let t(q) = 7*q**2 + 2*q - 1. Let u = -6 + 1. Let n(k) = -k**2 - 4*k + 6. Let w be n(u). What are the prime factors of t(w)?
2
Suppose 0*m + 20 = m. Suppose -5*k = -m, -5*l + 0*l = k - 14. What are the prime factors of l?
2
Suppose 2*o + 0*o = 12. Let c = 6 - 5. Let t = c + o. List the prime factors of t.
7
Let f(m) = m**2 - 11*m - 8. Suppose 3*z = -2*z + 60. List the prime factors of f(z).
2
Let i be -6 + 1/(1/2). Let d be (-2)/i*1*42. Let p = d - 14. List the prime factors of p.
7
Let q = 5 - 5. Suppose 0*l + 2*l = -4*z + 74, z + 4*l - 22 = q. Let m = z + -12. What are the prime factors of m?
2, 3
List the prime factors of 7/7*(19 - 2).
17
Suppose 0 = 2*u - 5 - 1. Let c(q) = 8*q**2 + 11 + 2*q**3 - 4*q**u + q**3. What are the prime factors of c(8)?
11
Suppose -b + 8 - 1 = 0. Suppose 3*a + 11 + b = 0. List the prime factors of 4/a - 160/(-24).
2, 3
Let s(a) = a**3 - 9*a**2 + 10*a - 4. Let y be s(7). Suppose -2*z - j + 83 = -11, 38 = z + 5*j. Let f = y + z. List the prime factors of f.
2
Let c(i) = i**2 + i. Let y be c(1). Suppose y*o = -0*o + 36. What are the prime factors of o?
2, 3
Let k(o) = -o**3 - 2*o**2 + 5*o + 3. Let i be k(-3). Let n(y) = -y**2 - 4*y - 2. Let d be n(i). List the prime factors of d/((-2)/((-60)/3)).
2, 5
Let k = 120 - -1. List the prime factors of k.
11
Let c(n) = -n**3 - 10*n**2 + 10*n + 1. Suppose -3*g + 2*g = -9. Suppose -1 = -5*s + g, 15 = -y + 2*s. What are the prime factors of c(y)?
2, 3
Let i = 25 - 11. Suppose 0 = 2*m - 4*x - 8, -3*x + 16 = 4*m + x. Suppose -5*w - m = -i. List the prime factors of w.
2
Let p = 86 + -56. List the prime factors of p.
2, 3, 5
Let s(j) = -j**3 - 3*j**2 + 12*j + 9. What are the prime factors of s(-6)?
3, 5
Suppose -13*l + 6*l = -1141. What are the prime factors of l?
163
Let b(z) = 2*z**2 - 3*z + 4. Let a be b(2). List the prime factors of 141/a - 2/4.
23
Let c(z) = -z + 18. What are the prime factors of c(16)?
2
Let y(h) = -6*h - 5. Let l be y(5). Let s(j) = -2*j - 1. Let o be s(1). What are the prime factors of 6/(-9) + l/o?
11
Let k(b) = -b**3 + 7*b**2 - 6*b + 2. What are the prime factors of k(4)?
2, 13
Suppose 0 = 39*d - 40*d + 45. List the prime factors of d.
3, 5
Let q(y) = y**2 + y + 3. Let d(z) = -2*z - 1. Let s be d(4). Let u = 5 + s. List the prime factors of q(u).
3, 5
Suppose 5*n = -5*k + 245, -3*n = -2*k + 2*n + 70. What are the prime factors of k?
3, 5
Suppose -4*r = -3*o + 6*o - 327, -o + 417 = 5*r. List the prime factors of r.
2, 3, 7
Let d be (-41)/(-13) + 12/(-78). Let q be 6 + 1 + (2 - d). Suppose -5*p - 21 = -3*j - q, j - 2*p - 4 = 0. What are the prime factors of j?
2, 5
Suppose -2*q + 16 = j, -3*q - 2*j + 25 = -0*q. Let r = 7 - q. Suppose r*v = -5*v + 80. What are the prime factors of v?
2
Let f(a) = 